{"version":"1.0","provider_name":"Wolf Group German","provider_url":"https:\/\/wolfgroup.rktv.ee\/de","author_name":"Reaktiiv","author_url":"https:\/\/wolfgroup.rktv.ee\/de\/author\/reaktiiv\/","title":"Oliv\u00e9 - 45 Jahre professionelle Dichtungsl\u00f6sungen - Wolf Group German","type":"rich","width":600,"height":338,"html":"<blockquote class=\"wp-embedded-content\" data-secret=\"QwwGobTYlq\"><a href=\"https:\/\/wolfgroup.rktv.ee\/de\/2019\/05\/14\/olive-45-jahre\/\">Oliv\u00e9 &#8211; 45 Jahre professionelle Dichtungsl\u00f6sungen<\/a><\/blockquote><iframe sandbox=\"allow-scripts\" security=\"restricted\" src=\"https:\/\/wolfgroup.rktv.ee\/de\/2019\/05\/14\/olive-45-jahre\/embed\/#?secret=QwwGobTYlq\" width=\"600\" height=\"338\" title=\"&#8222;Oliv\u00e9 &#8211; 45 Jahre professionelle Dichtungsl\u00f6sungen&#8220; &#8211; Wolf Group German\" data-secret=\"QwwGobTYlq\" frameborder=\"0\" marginwidth=\"0\" marginheight=\"0\" scrolling=\"no\" class=\"wp-embedded-content\"><\/iframe><script type=\"text\/javascript\">\n\/* <![CDATA[ *\/\n\/*! This file is auto-generated *\/\n!function(d,l){\"use strict\";l.querySelector&&d.addEventListener&&\"undefined\"!=typeof URL&&(d.wp=d.wp||{},d.wp.receiveEmbedMessage||(d.wp.receiveEmbedMessage=function(e){var t=e.data;if((t||t.secret||t.message||t.value)&&!\/[^a-zA-Z0-9]\/.test(t.secret)){for(var s,r,n,a=l.querySelectorAll('iframe[data-secret=\"'+t.secret+'\"]'),o=l.querySelectorAll('blockquote[data-secret=\"'+t.secret+'\"]'),c=new RegExp(\"^https?:$\",\"i\"),i=0;i<o.length;i++)o[i].style.display=\"none\";for(i=0;i<a.length;i++)s=a[i],e.source===s.contentWindow&&(s.removeAttribute(\"style\"),\"height\"===t.message?(1e3<(r=parseInt(t.value,10))?r=1e3:~~r<200&&(r=200),s.height=r):\"link\"===t.message&&(r=new URL(s.getAttribute(\"src\")),n=new URL(t.value),c.test(n.protocol))&&n.host===r.host&&l.activeElement===s&&(d.top.location.href=t.value))}},d.addEventListener(\"message\",d.wp.receiveEmbedMessage,!1),l.addEventListener(\"DOMContentLoaded\",function(){for(var e,t,s=l.querySelectorAll(\"iframe.wp-embedded-content\"),r=0;r<s.length;r++)(t=(e=s[r]).getAttribute(\"data-secret\"))||(t=Math.random().toString(36).substring(2,12),e.src+=\"#?secret=\"+t,e.setAttribute(\"data-secret\",t)),e.contentWindow.postMessage({message:\"ready\",secret:t},\"*\")},!1)))}(window,document);\n\/\/# sourceURL=https:\/\/wolfgroup.rktv.ee\/de\/wp-includes\/js\/wp-embed.min.js\n\/* ]]> *\/\n<\/script>\n","thumbnail_url":"https:\/\/wolfgroup.rktv.ee\/de\/wp-content\/uploads\/sites\/4\/2022\/08\/45-years-Oliv-Qu-mica-1974-2019-6ige.jpg","thumbnail_width":1694,"thumbnail_height":1271,"description":"Qualit\u00e4t, Professionalit\u00e4t und Nachhaltigkeit sind von Beginn an die drei Kernwerte von Oliv\u00e9 Qu\u00edmica S.A. In diesem Jahr feiern wir den 45. Jahrestag von Oliv\u00e9. Die Urspr\u00fcnge Oliv\u00e9s Urspr\u00fcnge reichen weiter zur\u00fcck als in die 70er Jahre. Im Jahr 1938 gr\u00fcndete Jos\u00e9 Oliv\u00e9 Marc\u00e9 ein Ein-Mann-Unternehmen zur Herstellung von chemischen Produkten und Kitten f\u00fcr die [&hellip;]"}

Olivé - 45 Jahre professionelle Dichtungslösungen - Wolf Group German

<blockquote class="wp-embedded-content" data-secret="QwwGobTYlq"><a href="https://wolfgroup.rktv.ee/de/2019/05/14/olive-45-jahre/">Olivé &#8211; 45 Jahre professionelle Dichtungslösungen</a></blockquote><iframe sandbox="allow-scripts" security="restricted" src="https://wolfgroup.rktv.ee/de/2019/05/14/olive-45-jahre/embed/#?secret=QwwGobTYlq" width="600" height="338" title="&#8222;Olivé &#8211; 45 Jahre professionelle Dichtungslösungen&#8220; &#8211; Wolf Group German" data-secret="QwwGobTYlq" frameborder="0" marginwidth="0" marginheight="0" scrolling="no" class="wp-embedded-content"></iframe><script type="text/javascript">
/* <![CDATA[ */
/*! This file is auto-generated */
!function(d,l){"use strict";l.querySelector&&d.addEventListener&&"undefined"!=typeof URL&&(d.wp=d.wp||{},d.wp.receiveEmbedMessage||(d.wp.receiveEmbedMessage=function(e){var t=e.data;if((t||t.secret||t.message||t.value)&&!/[^a-zA-Z0-9]/.test(t.secret)){for(var s,r,n,a=l.querySelectorAll('iframe[data-secret="'+t.secret+'"]'),o=l.querySelectorAll('blockquote[data-secret="'+t.secret+'"]'),c=new RegExp("^https?:$","i"),i=0;i<o.length;i++)o[i].style.display="none";for(i=0;i<a.length;i++)s=a[i],e.source===s.contentWindow&&(s.removeAttribute("style"),"height"===t.message?(1e3<(r=parseInt(t.value,10))?r=1e3:~~r<200&&(r=200),s.height=r):"link"===t.message&&(r=new URL(s.getAttribute("src")),n=new URL(t.value),c.test(n.protocol))&&n.host===r.host&&l.activeElement===s&&(d.top.location.href=t.value))}},d.addEventListener("message",d.wp.receiveEmbedMessage,!1),l.addEventListener("DOMContentLoaded",function(){for(var e,t,s=l.querySelectorAll("iframe.wp-embedded-content"),r=0;r<s.length;r++)(t=(e=s[r]).getAttribute("data-secret"))||(t=Math.random().toString(36).substring(2,12),e.src+="#?secret="+t,e.setAttribute("data-secret",t)),e.contentWindow.postMessage({message:"ready",secret:t},"*")},!1)))}(window,document);
//# sourceURL=https://wolfgroup.rktv.ee/de/wp-includes/js/wp-embed.min.js
/* ]]> */
</script>

Qualität, Professionalität und Nachhaltigkeit sind von Beginn an die drei Kernwerte von Olivé Química S.A. In diesem Jahr feiern wir den 45. Jahrestag von Olivé. Die Ursprünge Olivés Ursprünge reichen weiter zurück als in die 70er Jahre. Im Jahr 1938 gründete José Olivé Marcé ein Ein-Mann-Unternehmen zur Herstellung von chemischen Produkten und Kitten für die [&hellip;]
