{"version":"1.0","provider_name":"Wolf Group German","provider_url":"https:\/\/wolfgroup.rktv.ee\/de","author_name":"Reaktiiv","author_url":"https:\/\/wolfgroup.rktv.ee\/de\/author\/reaktiiv\/","title":"Polyurethanschaum an vorderster Front im Bau - Wolf Group German","type":"rich","width":600,"height":338,"html":"<blockquote class=\"wp-embedded-content\" data-secret=\"9sElnjnPo8\"><a href=\"https:\/\/wolfgroup.rktv.ee\/de\/2020\/09\/03\/polyurethanschaum-an-vorderster\/\">Polyurethanschaum an vorderster Front im Bau<\/a><\/blockquote><iframe sandbox=\"allow-scripts\" security=\"restricted\" src=\"https:\/\/wolfgroup.rktv.ee\/de\/2020\/09\/03\/polyurethanschaum-an-vorderster\/embed\/#?secret=9sElnjnPo8\" width=\"600\" height=\"338\" title=\"&#8222;Polyurethanschaum an vorderster Front im Bau&#8220; &#8211; Wolf Group German\" data-secret=\"9sElnjnPo8\" frameborder=\"0\" marginwidth=\"0\" marginheight=\"0\" scrolling=\"no\" class=\"wp-embedded-content\"><\/iframe><script type=\"text\/javascript\">\n\/* <![CDATA[ *\/\n\/*! This file is auto-generated *\/\n!function(d,l){\"use strict\";l.querySelector&&d.addEventListener&&\"undefined\"!=typeof URL&&(d.wp=d.wp||{},d.wp.receiveEmbedMessage||(d.wp.receiveEmbedMessage=function(e){var t=e.data;if((t||t.secret||t.message||t.value)&&!\/[^a-zA-Z0-9]\/.test(t.secret)){for(var s,r,n,a=l.querySelectorAll('iframe[data-secret=\"'+t.secret+'\"]'),o=l.querySelectorAll('blockquote[data-secret=\"'+t.secret+'\"]'),c=new RegExp(\"^https?:$\",\"i\"),i=0;i<o.length;i++)o[i].style.display=\"none\";for(i=0;i<a.length;i++)s=a[i],e.source===s.contentWindow&&(s.removeAttribute(\"style\"),\"height\"===t.message?(1e3<(r=parseInt(t.value,10))?r=1e3:~~r<200&&(r=200),s.height=r):\"link\"===t.message&&(r=new URL(s.getAttribute(\"src\")),n=new URL(t.value),c.test(n.protocol))&&n.host===r.host&&l.activeElement===s&&(d.top.location.href=t.value))}},d.addEventListener(\"message\",d.wp.receiveEmbedMessage,!1),l.addEventListener(\"DOMContentLoaded\",function(){for(var e,t,s=l.querySelectorAll(\"iframe.wp-embedded-content\"),r=0;r<s.length;r++)(t=(e=s[r]).getAttribute(\"data-secret\"))||(t=Math.random().toString(36).substring(2,12),e.src+=\"#?secret=\"+t,e.setAttribute(\"data-secret\",t)),e.contentWindow.postMessage({message:\"ready\",secret:t},\"*\")},!1)))}(window,document);\n\/\/# sourceURL=https:\/\/wolfgroup.rktv.ee\/de\/wp-includes\/js\/wp-embed.min.js\n\/* ]]> *\/\n<\/script>\n","thumbnail_url":"https:\/\/wolfgroup.rktv.ee\/de\/wp-content\/uploads\/sites\/4\/2022\/08\/windowdoorvaht-scaled.jpg","thumbnail_width":2560,"thumbnail_height":1787,"description":"D\u00e4mm- und Abdichtungsarbeiten in modernen Geb\u00e4uden sind ohne Polyurethanschaum nicht m\u00f6glich. Obwohl Dosenschaum schon seit geraumer Zeit auf dem Markt ist, werden die Hersteller nach wie vor st\u00e4ndig um Rat gefragt, wie der Schaum funktioniert und worauf man achten muss, um die richtige Wahl f\u00fcr jede Anwendung zu treffen. Das synthetische Polymer Polyurethan wurde in [&hellip;]"}

Dämm- und Abdichtungsarbeiten in modernen Gebäuden sind ohne Polyurethanschaum nicht möglich. Obwohl Dosenschaum schon seit geraumer Zeit auf dem Markt ist, werden die Hersteller nach wie vor ständig um Rat gefragt, wie der Schaum funktioniert und worauf man achten muss, um die richtige Wahl für jede Anwendung zu treffen. Das synthetische Polymer Polyurethan wurde in [&hellip;]
