{"id":29982,"date":"2024-10-23T16:50:26","date_gmt":"2024-10-23T13:50:26","guid":{"rendered":"https:\/\/wolfgroup.rktv.ee\/de\/?post_type=reference&#038;p=29982"},"modified":"2025-07-09T12:04:02","modified_gmt":"2025-07-09T09:04:02","slug":"hotel-porta-fira","status":"publish","type":"reference","link":"https:\/\/wolfgroup.rktv.ee\/de\/referenzen\/hotel-porta-fira\/","title":{"rendered":"Hotel Porta Fira"},"content":{"rendered":"\n<p>Das Hotel Porta Fira befindet sich in einem der aufstrebenden Bezirke Barcelonas und hat eine H\u00f6he von 113&nbsp;Metern, aufgeteilt auf 26&nbsp;Stockwerke. Die organische Form des Hotelturms ver\u00e4ndert sich, je nachdem, von welcher Seite man ihn betrachtet. F\u00fcr das Hotel Porta Fira in Barcelona wurde das Bauunternehmen FCC mit dem \u201eEmporis Skyscraper\u201c-Preis 2010 f\u00fcr den besten Wolkenkratzer der Welt ausgezeichnet.<\/p>\n","protected":false},"excerpt":{"rendered":"Das Hotel Porta Fira befindet sich in einem der aufstrebenden Bezirke Barcelonas und hat eine H\u00f6he von 113&nbsp;Metern, aufgeteilt auf 26&nbsp;Stockwerke. Die organische Form des Hotelturms ver\u00e4ndert sich, je nachdem, von welcher Seite man ihn betrachtet. F\u00fcr das Hotel Porta Fira in Barcelona wurde das Bauunternehmen FCC mit dem \u201eEmporis Skyscraper\u201c-Preis 2010 f\u00fcr den besten [&hellip;]","protected":false},"featured_media":30144,"menu_order":4,"template":"","meta":{"_acf_changed":false},"reference_category":[139],"class_list":["post-29982","reference","type-reference","status-publish","has-post-thumbnail","hentry","reference_category-gewerbliche-und-oeffentliche-gebaeude"],"acf":[],"yoast_head":"<!-- This site is optimized with the Yoast SEO plugin v27.3 - https:\/\/yoast.com\/product\/yoast-seo-wordpress\/ -->\n<title>Hotel Porta Fira - Wolf Group German<\/title>\n<meta name=\"robots\" content=\"index, follow, max-snippet:-1, max-image-preview:large, max-video-preview:-1\" \/>\n<link rel=\"canonical\" href=\"https:\/\/wolfgroup.rktv.ee\/de\/referenzen\/hotel-porta-fira\/\" \/>\n<meta property=\"og:locale\" content=\"de_DE\" \/>\n<meta property=\"og:type\" content=\"article\" \/>\n<meta property=\"og:title\" content=\"Hotel Porta Fira - Wolf Group German\" \/>\n<meta property=\"og:description\" content=\"Das Hotel Porta Fira befindet sich in einem der aufstrebenden Bezirke Barcelonas und hat eine H\u00f6he von 113&nbsp;Metern, aufgeteilt auf 26&nbsp;Stockwerke. Die organische Form des Hotelturms ver\u00e4ndert sich, je nachdem, von welcher Seite man ihn betrachtet. F\u00fcr das Hotel Porta Fira in Barcelona wurde das Bauunternehmen FCC mit dem \u201eEmporis Skyscraper\u201c-Preis 2010 f\u00fcr den besten [&hellip;]\" \/>\n<meta property=\"og:url\" content=\"https:\/\/wolfgroup.rktv.ee\/de\/referenzen\/hotel-porta-fira\/\" \/>\n<meta property=\"og:site_name\" content=\"Wolf Group German\" \/>\n<meta property=\"article:modified_time\" content=\"2025-07-09T09:04:02+00:00\" \/>\n<meta property=\"og:image\" content=\"https:\/\/wolfgroup.rktv.ee\/de\/wp-content\/uploads\/sites\/4\/2024\/10\/iStock-466244846_Hotel_Pora_Fira.jpg\" \/>\n\t<meta property=\"og:image:width\" content=\"1254\" \/>\n\t<meta property=\"og:image:height\" content=\"837\" \/>\n\t<meta property=\"og:image:type\" content=\"image\/jpeg\" \/>\n<meta name=\"twitter:card\" content=\"summary_large_image\" \/>\n<script type=\"application\/ld+json\" class=\"yoast-schema-graph\">{\"@context\":\"https:\\\/\\\/schema.org\",\"@graph\":[{\"@type\":\"WebPage\",\"@id\":\"https:\\\/\\\/wolfgroup.rktv.ee\\\/de\\\/referenzen\\\/hotel-porta-fira\\\/\",\"url\":\"https:\\\/\\\/wolfgroup.rktv.ee\\\/de\\\/referenzen\\\/hotel-porta-fira\\\/\",\"name\":\"Hotel Porta Fira - Wolf Group German\",\"isPartOf\":{\"@id\":\"https:\\\/\\\/wolfgroup.rktv.ee\\\/de\\\/#website\"},\"primaryImageOfPage\":{\"@id\":\"https:\\\/\\\/wolfgroup.rktv.ee\\\/de\\\/referenzen\\\/hotel-porta-fira\\\/#primaryimage\"},\"image\":{\"@id\":\"https:\\\/\\\/wolfgroup.rktv.ee\\\/de\\\/referenzen\\\/hotel-porta-fira\\\/#primaryimage\"},\"thumbnailUrl\":\"https:\\\/\\\/wolfgroup.rktv.ee\\\/de\\\/wp-content\\\/uploads\\\/sites\\\/4\\\/2024\\\/10\\\/iStock-466244846_Hotel_Pora_Fira.jpg\",\"datePublished\":\"2024-10-23T13:50:26+00:00\",\"dateModified\":\"2025-07-09T09:04:02+00:00\",\"breadcrumb\":{\"@id\":\"https:\\\/\\\/wolfgroup.rktv.ee\\\/de\\\/referenzen\\\/hotel-porta-fira\\\/#breadcrumb\"},\"inLanguage\":\"de\",\"potentialAction\":[{\"@type\":\"ReadAction\",\"target\":[\"https:\\\/\\\/wolfgroup.rktv.ee\\\/de\\\/referenzen\\\/hotel-porta-fira\\\/\"]}]},{\"@type\":\"ImageObject\",\"inLanguage\":\"de\",\"@id\":\"https:\\\/\\\/wolfgroup.rktv.ee\\\/de\\\/referenzen\\\/hotel-porta-fira\\\/#primaryimage\",\"url\":\"https:\\\/\\\/wolfgroup.rktv.ee\\\/de\\\/wp-content\\\/uploads\\\/sites\\\/4\\\/2024\\\/10\\\/iStock-466244846_Hotel_Pora_Fira.jpg\",\"contentUrl\":\"https:\\\/\\\/wolfgroup.rktv.ee\\\/de\\\/wp-content\\\/uploads\\\/sites\\\/4\\\/2024\\\/10\\\/iStock-466244846_Hotel_Pora_Fira.jpg\",\"width\":1254,\"height\":837,\"caption\":\"Credit: J2R\"},{\"@type\":\"BreadcrumbList\",\"@id\":\"https:\\\/\\\/wolfgroup.rktv.ee\\\/de\\\/referenzen\\\/hotel-porta-fira\\\/#breadcrumb\",\"itemListElement\":[{\"@type\":\"ListItem\",\"position\":1,\"name\":\"Startseite\",\"item\":\"https:\\\/\\\/wolfgroup.rktv.ee\\\/de\\\/\"},{\"@type\":\"ListItem\",\"position\":2,\"name\":\"References\",\"item\":\"https:\\\/\\\/wolfgroup.rktv.ee\\\/de\\\/referenzen\\\/\"},{\"@type\":\"ListItem\",\"position\":3,\"name\":\"Hotel Porta Fira\"}]},{\"@type\":\"WebSite\",\"@id\":\"https:\\\/\\\/wolfgroup.rktv.ee\\\/de\\\/#website\",\"url\":\"https:\\\/\\\/wolfgroup.rktv.ee\\\/de\\\/\",\"name\":\"Wolf Group German\",\"description\":\"construction chemistry products and solutions manufacturer\",\"publisher\":{\"@id\":\"https:\\\/\\\/wolfgroup.rktv.ee\\\/de\\\/#organization\"},\"potentialAction\":[{\"@type\":\"SearchAction\",\"target\":{\"@type\":\"EntryPoint\",\"urlTemplate\":\"https:\\\/\\\/wolfgroup.rktv.ee\\\/de\\\/?s={search_term_string}\"},\"query-input\":{\"@type\":\"PropertyValueSpecification\",\"valueRequired\":true,\"valueName\":\"search_term_string\"}}],\"inLanguage\":\"de\"},{\"@type\":\"Organization\",\"@id\":\"https:\\\/\\\/wolfgroup.rktv.ee\\\/de\\\/#organization\",\"name\":\"Wolf Group German\",\"url\":\"https:\\\/\\\/wolfgroup.rktv.ee\\\/de\\\/\",\"logo\":{\"@type\":\"ImageObject\",\"inLanguage\":\"de\",\"@id\":\"https:\\\/\\\/wolfgroup.rktv.ee\\\/de\\\/#\\\/schema\\\/logo\\\/image\\\/\",\"url\":\"https:\\\/\\\/wolfgroup.rktv.ee\\\/de\\\/wp-content\\\/uploads\\\/sites\\\/4\\\/2022\\\/04\\\/wolfgroup-logo.svg\",\"contentUrl\":\"https:\\\/\\\/wolfgroup.rktv.ee\\\/de\\\/wp-content\\\/uploads\\\/sites\\\/4\\\/2022\\\/04\\\/wolfgroup-logo.svg\",\"width\":155,\"height\":46,\"caption\":\"Wolf Group German\"},\"image\":{\"@id\":\"https:\\\/\\\/wolfgroup.rktv.ee\\\/de\\\/#\\\/schema\\\/logo\\\/image\\\/\"},\"legalName\":\"Wolf Group AS\",\"foundingDate\":\"1993\",\"numberOfEmployees\":{\"@type\":\"QuantitativeValue\",\"value\":900},\"knowsAbout\":[\"construction chemicals\",\"adhesives\",\"sealants\",\"thermal insulation\",\"waterproofing\"],\"contactPoint\":{\"@type\":\"ContactPoint\",\"contactType\":\"sales\",\"areaServed\":\"DE\",\"availableLanguage\":\"de\"}}]}<\/script>\n<!-- \/ Yoast SEO plugin. -->","yoast_head_json":{"title":"Hotel Porta Fira - Wolf Group German","robots":{"index":"index","follow":"follow","max-snippet":"max-snippet:-1","max-image-preview":"max-image-preview:large","max-video-preview":"max-video-preview:-1"},"canonical":"https:\/\/wolfgroup.rktv.ee\/de\/referenzen\/hotel-porta-fira\/","og_locale":"de_DE","og_type":"article","og_title":"Hotel Porta Fira - Wolf Group German","og_description":"Das Hotel Porta Fira befindet sich in einem der aufstrebenden Bezirke Barcelonas und hat eine H\u00f6he von 113&nbsp;Metern, aufgeteilt auf 26&nbsp;Stockwerke. Die organische Form des Hotelturms ver\u00e4ndert sich, je nachdem, von welcher Seite man ihn betrachtet. F\u00fcr das Hotel Porta Fira in Barcelona wurde das Bauunternehmen FCC mit dem \u201eEmporis Skyscraper\u201c-Preis 2010 f\u00fcr den besten [&hellip;]","og_url":"https:\/\/wolfgroup.rktv.ee\/de\/referenzen\/hotel-porta-fira\/","og_site_name":"Wolf Group German","article_modified_time":"2025-07-09T09:04:02+00:00","og_image":[{"width":1254,"height":837,"url":"https:\/\/wolfgroup.rktv.ee\/de\/wp-content\/uploads\/sites\/4\/2024\/10\/iStock-466244846_Hotel_Pora_Fira.jpg","type":"image\/jpeg"}],"twitter_card":"summary_large_image","schema":{"@context":"https:\/\/schema.org","@graph":[{"@type":"WebPage","@id":"https:\/\/wolfgroup.rktv.ee\/de\/referenzen\/hotel-porta-fira\/","url":"https:\/\/wolfgroup.rktv.ee\/de\/referenzen\/hotel-porta-fira\/","name":"Hotel Porta Fira - Wolf Group German","isPartOf":{"@id":"https:\/\/wolfgroup.rktv.ee\/de\/#website"},"primaryImageOfPage":{"@id":"https:\/\/wolfgroup.rktv.ee\/de\/referenzen\/hotel-porta-fira\/#primaryimage"},"image":{"@id":"https:\/\/wolfgroup.rktv.ee\/de\/referenzen\/hotel-porta-fira\/#primaryimage"},"thumbnailUrl":"https:\/\/wolfgroup.rktv.ee\/de\/wp-content\/uploads\/sites\/4\/2024\/10\/iStock-466244846_Hotel_Pora_Fira.jpg","datePublished":"2024-10-23T13:50:26+00:00","dateModified":"2025-07-09T09:04:02+00:00","breadcrumb":{"@id":"https:\/\/wolfgroup.rktv.ee\/de\/referenzen\/hotel-porta-fira\/#breadcrumb"},"inLanguage":"de","potentialAction":[{"@type":"ReadAction","target":["https:\/\/wolfgroup.rktv.ee\/de\/referenzen\/hotel-porta-fira\/"]}]},{"@type":"ImageObject","inLanguage":"de","@id":"https:\/\/wolfgroup.rktv.ee\/de\/referenzen\/hotel-porta-fira\/#primaryimage","url":"https:\/\/wolfgroup.rktv.ee\/de\/wp-content\/uploads\/sites\/4\/2024\/10\/iStock-466244846_Hotel_Pora_Fira.jpg","contentUrl":"https:\/\/wolfgroup.rktv.ee\/de\/wp-content\/uploads\/sites\/4\/2024\/10\/iStock-466244846_Hotel_Pora_Fira.jpg","width":1254,"height":837,"caption":"Credit: J2R"},{"@type":"BreadcrumbList","@id":"https:\/\/wolfgroup.rktv.ee\/de\/referenzen\/hotel-porta-fira\/#breadcrumb","itemListElement":[{"@type":"ListItem","position":1,"name":"Startseite","item":"https:\/\/wolfgroup.rktv.ee\/de\/"},{"@type":"ListItem","position":2,"name":"References","item":"https:\/\/wolfgroup.rktv.ee\/de\/referenzen\/"},{"@type":"ListItem","position":3,"name":"Hotel Porta Fira"}]},{"@type":"WebSite","@id":"https:\/\/wolfgroup.rktv.ee\/de\/#website","url":"https:\/\/wolfgroup.rktv.ee\/de\/","name":"Wolf Group German","description":"construction chemistry products and solutions manufacturer","publisher":{"@id":"https:\/\/wolfgroup.rktv.ee\/de\/#organization"},"potentialAction":[{"@type":"SearchAction","target":{"@type":"EntryPoint","urlTemplate":"https:\/\/wolfgroup.rktv.ee\/de\/?s={search_term_string}"},"query-input":{"@type":"PropertyValueSpecification","valueRequired":true,"valueName":"search_term_string"}}],"inLanguage":"de"},{"@type":"Organization","@id":"https:\/\/wolfgroup.rktv.ee\/de\/#organization","name":"Wolf Group German","url":"https:\/\/wolfgroup.rktv.ee\/de\/","logo":{"@type":"ImageObject","inLanguage":"de","@id":"https:\/\/wolfgroup.rktv.ee\/de\/#\/schema\/logo\/image\/","url":"https:\/\/wolfgroup.rktv.ee\/de\/wp-content\/uploads\/sites\/4\/2022\/04\/wolfgroup-logo.svg","contentUrl":"https:\/\/wolfgroup.rktv.ee\/de\/wp-content\/uploads\/sites\/4\/2022\/04\/wolfgroup-logo.svg","width":155,"height":46,"caption":"Wolf Group German"},"image":{"@id":"https:\/\/wolfgroup.rktv.ee\/de\/#\/schema\/logo\/image\/"},"legalName":"Wolf Group AS","foundingDate":"1993","numberOfEmployees":{"@type":"QuantitativeValue","value":900},"knowsAbout":["construction chemicals","adhesives","sealants","thermal insulation","waterproofing"],"contactPoint":{"@type":"ContactPoint","contactType":"sales","areaServed":"DE","availableLanguage":"de"}}]}},"_links":{"self":[{"href":"https:\/\/wolfgroup.rktv.ee\/de\/wp-json\/wp\/v2\/reference\/29982","targetHints":{"allow":["GET"]}}],"collection":[{"href":"https:\/\/wolfgroup.rktv.ee\/de\/wp-json\/wp\/v2\/reference"}],"about":[{"href":"https:\/\/wolfgroup.rktv.ee\/de\/wp-json\/wp\/v2\/types\/reference"}],"wp:featuredmedia":[{"embeddable":true,"href":"https:\/\/wolfgroup.rktv.ee\/de\/wp-json\/wp\/v2\/media\/30144"}],"wp:attachment":[{"href":"https:\/\/wolfgroup.rktv.ee\/de\/wp-json\/wp\/v2\/media?parent=29982"}],"wp:term":[{"taxonomy":"reference_category","embeddable":true,"href":"https:\/\/wolfgroup.rktv.ee\/de\/wp-json\/wp\/v2\/reference_category?post=29982"}],"curies":[{"name":"wp","href":"https:\/\/api.w.org\/{rel}","templated":true}]}}

<p>Das Hotel Porta Fira befindet sich in einem der aufstrebenden Bezirke Barcelonas und hat eine Höhe von 113&nbsp;Metern, aufgeteilt auf 26&nbsp;Stockwerke. Die organische Form des Hotelturms verändert sich, je nachdem, von welcher Seite man ihn betrachtet. Für das Hotel Porta Fira in Barcelona wurde das Bauunternehmen FCC mit dem „Emporis Skyscraper“-Preis 2010 für den besten Wolkenkratzer der Welt ausgezeichnet.</p>

Das Hotel Porta Fira befindet sich in einem der aufstrebenden Bezirke Barcelonas und hat eine Höhe von 113&nbsp;Metern, aufgeteilt auf 26&nbsp;Stockwerke. Die organische Form des Hotelturms verändert sich, je nachdem, von welcher Seite man ihn betrachtet. Für das Hotel Porta Fira in Barcelona wurde das Bauunternehmen FCC mit dem „Emporis Skyscraper“-Preis 2010 für den besten [&hellip;]

<!-- This site is optimized with the Yoast SEO plugin v27.3 - https://yoast.com/product/yoast-seo-wordpress/ -->
<title>Hotel Porta Fira - Wolf Group German</title>
<meta name="robots" content="index, follow, max-snippet:-1, max-image-preview:large, max-video-preview:-1" />
<link rel="canonical" href="https://wolfgroup.rktv.ee/de/referenzen/hotel-porta-fira/" />
<meta property="og:locale" content="de_DE" />
<meta property="og:type" content="article" />
<meta property="og:title" content="Hotel Porta Fira - Wolf Group German" />
<meta property="og:description" content="Das Hotel Porta Fira befindet sich in einem der aufstrebenden Bezirke Barcelonas und hat eine Höhe von 113&nbsp;Metern, aufgeteilt auf 26&nbsp;Stockwerke. Die organische Form des Hotelturms verändert sich, je nachdem, von welcher Seite man ihn betrachtet. Für das Hotel Porta Fira in Barcelona wurde das Bauunternehmen FCC mit dem „Emporis Skyscraper“-Preis 2010 für den besten [&hellip;]" />
<meta property="og:url" content="https://wolfgroup.rktv.ee/de/referenzen/hotel-porta-fira/" />
<meta property="og:site_name" content="Wolf Group German" />
<meta property="article:modified_time" content="2025-07-09T09:04:02+00:00" />
<meta property="og:image" content="https://wolfgroup.rktv.ee/de/wp-content/uploads/sites/4/2024/10/iStock-466244846_Hotel_Pora_Fira.jpg" />
	<meta property="og:image:width" content="1254" />
	<meta property="og:image:height" content="837" />
	<meta property="og:image:type" content="image/jpeg" />
<meta name="twitter:card" content="summary_large_image" />
<script type="application/ld+json" class="yoast-schema-graph">{"@context":"https:\/\/schema.org","@graph":[{"@type":"WebPage","@id":"https:\/\/wolfgroup.rktv.ee\/de\/referenzen\/hotel-porta-fira\/","url":"https:\/\/wolfgroup.rktv.ee\/de\/referenzen\/hotel-porta-fira\/","name":"Hotel Porta Fira - Wolf Group German","isPartOf":{"@id":"https:\/\/wolfgroup.rktv.ee\/de\/#website"},"primaryImageOfPage":{"@id":"https:\/\/wolfgroup.rktv.ee\/de\/referenzen\/hotel-porta-fira\/#primaryimage"},"image":{"@id":"https:\/\/wolfgroup.rktv.ee\/de\/referenzen\/hotel-porta-fira\/#primaryimage"},"thumbnailUrl":"https:\/\/wolfgroup.rktv.ee\/de\/wp-content\/uploads\/sites\/4\/2024\/10\/iStock-466244846_Hotel_Pora_Fira.jpg","datePublished":"2024-10-23T13:50:26+00:00","dateModified":"2025-07-09T09:04:02+00:00","breadcrumb":{"@id":"https:\/\/wolfgroup.rktv.ee\/de\/referenzen\/hotel-porta-fira\/#breadcrumb"},"inLanguage":"de","potentialAction":[{"@type":"ReadAction","target":["https:\/\/wolfgroup.rktv.ee\/de\/referenzen\/hotel-porta-fira\/"]}]},{"@type":"ImageObject","inLanguage":"de","@id":"https:\/\/wolfgroup.rktv.ee\/de\/referenzen\/hotel-porta-fira\/#primaryimage","url":"https:\/\/wolfgroup.rktv.ee\/de\/wp-content\/uploads\/sites\/4\/2024\/10\/iStock-466244846_Hotel_Pora_Fira.jpg","contentUrl":"https:\/\/wolfgroup.rktv.ee\/de\/wp-content\/uploads\/sites\/4\/2024\/10\/iStock-466244846_Hotel_Pora_Fira.jpg","width":1254,"height":837,"caption":"Credit: J2R"},{"@type":"BreadcrumbList","@id":"https:\/\/wolfgroup.rktv.ee\/de\/referenzen\/hotel-porta-fira\/#breadcrumb","itemListElement":[{"@type":"ListItem","position":1,"name":"Startseite","item":"https:\/\/wolfgroup.rktv.ee\/de\/"},{"@type":"ListItem","position":2,"name":"References","item":"https:\/\/wolfgroup.rktv.ee\/de\/referenzen\/"},{"@type":"ListItem","position":3,"name":"Hotel Porta Fira"}]},{"@type":"WebSite","@id":"https:\/\/wolfgroup.rktv.ee\/de\/#website","url":"https:\/\/wolfgroup.rktv.ee\/de\/","name":"Wolf Group German","description":"construction chemistry products and solutions manufacturer","publisher":{"@id":"https:\/\/wolfgroup.rktv.ee\/de\/#organization"},"potentialAction":[{"@type":"SearchAction","target":{"@type":"EntryPoint","urlTemplate":"https:\/\/wolfgroup.rktv.ee\/de\/?s={search_term_string}"},"query-input":{"@type":"PropertyValueSpecification","valueRequired":true,"valueName":"search_term_string"}}],"inLanguage":"de"},{"@type":"Organization","@id":"https:\/\/wolfgroup.rktv.ee\/de\/#organization","name":"Wolf Group German","url":"https:\/\/wolfgroup.rktv.ee\/de\/","logo":{"@type":"ImageObject","inLanguage":"de","@id":"https:\/\/wolfgroup.rktv.ee\/de\/#\/schema\/logo\/image\/","url":"https:\/\/wolfgroup.rktv.ee\/de\/wp-content\/uploads\/sites\/4\/2022\/04\/wolfgroup-logo.svg","contentUrl":"https:\/\/wolfgroup.rktv.ee\/de\/wp-content\/uploads\/sites\/4\/2022\/04\/wolfgroup-logo.svg","width":155,"height":46,"caption":"Wolf Group German"},"image":{"@id":"https:\/\/wolfgroup.rktv.ee\/de\/#\/schema\/logo\/image\/"},"legalName":"Wolf Group AS","foundingDate":"1993","numberOfEmployees":{"@type":"QuantitativeValue","value":900},"knowsAbout":["construction chemicals","adhesives","sealants","thermal insulation","waterproofing"],"contactPoint":{"@type":"ContactPoint","contactType":"sales","areaServed":"DE","availableLanguage":"de"}}]}</script>
<!-- / Yoast SEO plugin. -->
